 23. Is t(11) prime?
False
Suppose 6*l - 5*l + 13 = 0. Let v(n) = 9*n**3 - 21*n**2 - 45*n - 10. Let y(j) = -5*j**3 + 10*j**2 + 23*j + 5. Let m(o) = -6*v(o) - 11*y(o). Is m(l) prime?
False
Suppose -16 = -5*d - 2*p + 6*p, -3*d = -5*p - 7. Suppose d*q + 48 = -332. Is (0 + -5)*(q + -2) a composite number?
True
Let x(n) = n**2 + 11*n - 19. Suppose 0 = 2*i - 3 + 11. Let m be ((-4)/(-3))/i*-42. Is x(m) prime?
True
Suppose -16*b + 162154 - 1962 = 0. Suppose 2*d + 12515 = 7*d - 5*w, w = 4*d - b. Is d prime?
True
Let c be -28*(180/(-14))/3. Suppose -4*k + 588 = -c. Is k composite?
True
Suppose -3*q - 7*g = -2*g + 8, -5*q - 4*g - 9 = 0. Is q/(-5)*0 - (-917 - 0) prime?
False
Suppose 3*z = 5*s + 3377 + 143, -3*z + 3*s = -3528. Let u = z + -734. Is u a composite number?
True
Suppose 5*w + 3*y = 23117, w + 3*y = -2*w + 13875. Is w a prime number?
True
Let b = 1554 - 549. Suppose 2*i = -i - 4*y + b, 4*i = 2*y + 1362. Is i a composite number?
True
Let l(d) = d**2 - 7*d + 6. Let y be l(6). Suppose 3766 = 3*o + 4*s, y*s - s - 6315 = -5*o. Suppose 0 = 4*z - 222 - o. Is z composite?
True
Let y = 26 - 14. Suppose -4*c + c = -y. Suppose -t - 1119 = -c*t. Is t a prime number?
True
Suppose x + 4*c - 32 = 0, -c - 4 - 3 = -x. Is 6/x - 842/(-4) prime?
True
Is 41644 - 2 - (-1 - (7 + -3)) a prime number?
True
Let s(n) = 3*n**2 + 5*n - 1. Let j(d) = -d**2 - 6*d. Let q be j(-8). Let x = q - -11. Is s(x) composite?
True
Is (-2)/4*(3 - 43325) a composite number?
False
Suppose 2*f - 12 = 3*s, 3*s + 3 + 9 = 4*f. Is 10765/5 + f - 4 a composite number?
True
Let h(k) = k**2 + 8*k + 2. Let v be h(-8). Suppose -5*w + 3505 = 3*l, 2*l = -v*l. Is w prime?
True
Let u(d) = d**2 - 5*d + 13. Let p be (-29 - -7)*2/(-4). Let f be u(p). Suppose 0*y + f = y. Is y a composite number?
False
Let f(t) = 2*t - 8. Let y be f(5). Let q(x) = 5 - 147*x**3 - x + 2*x - 3 - x**y - 1. Is q(-1) a prime number?
False
Suppose -5*a = 3*h - 6*h - 12, -20 = 5*a + 5*h. Suppose a = 7*v - 3051 + 244. Is v prime?
True
Let k(n) = -109*n**3 + 15*n**2 + 18*n - 3. Is k(-13) a composite number?
False
Let k(h) = -92*h - 3. Let b(x) = -275*x - 10. Let q(w) = 2*b(w) - 7*k(w). Is q(5) composite?
True
Suppose -2*d - 6*i = -3*i, -5*d - 4*i = 0. Suppose 3*o - 1437 = -d*o. Is o composite?
False
Suppose 4*u - 6*f + 10*f - 62124 = 0, 0 = -2*u + 4*f + 31038. Is u a prime number?
True
Suppose 4*j - y = 500, -j - j - 2*y + 260 = 0. Suppose -p - 105 = j. Let t = 442 + p. Is t a composite number?
False
Is 5331 + 7 + -4 + 10/2 composite?
True
Let q = 34 - 17. Let t = q - 14. Suppose 1902 - 483 = t*d. Is d a prime number?
False
Let t be (2 - 3)*(-4 + -13). Let d = -15 + t. Is ((-696)/36)/(d/(-39)) a composite number?
True
Suppose -2*j = -j - 6. Let r(v) = 19*v**2 - 11. Is r(j) a composite number?
False
Let i = 22 - 39. Let n = i + 132. Is n composite?
True
Suppose 29*l = 11*l + 2358. Is l a prime number?
True
Suppose 78113 = v + 2*x, v + 4*v - 5*x = 390520. Is v a composite number?
True
Suppose 43*g - 40*g = 4197. Is g prime?
True
Let t(b) = -b**3 - 5*b**2 - 2*b - 6. Let w be (0 - 1) + 8 + -12. Let f be t(w). Suppose 6*l - 3*l + 626 = 5*p, -f*p = -4*l - 496. Is p prime?
True
Suppose -5*j + 28114 = -35191. Suppose -19*z + j = -8*z. Is z a prime number?
True
Suppose 0 = -4*c - 3 + 83. Suppose -3*p - c = -8*p. Let g(v) = 102*v + 3. Is g(p) a prime number?
False
Let p(a) = 3*a**3 + a**2 + 3*a - 1. Let h be (-46)/(-10) - (-10)/25. Suppose -h*u + 4 + 6 = 0. Is p(u) a composite number?
True
Let q(g) = g**2 - 8*g + 4. Let h = 1 - -7. Let c be q(h). Suppose 0*v = -s - v + 147, 0 = -4*s + c*v + 604. Is s composite?
False
Suppose -2*b + 130 = 2*o, -b = 4*o - 0*b - 260. Let p = -85 - -43. Let q = o + p. Is q composite?
False
Suppose 10*y - 11*y - 29240 = -x, 4*x - 3*y - 116963 = 0. Is x a prime number?
True
Let t(f) = 16*f**2 - 2*f + 10. Let v be t(-7). Suppose 4*g - v = 540. Is g composite?
False
Let c(j) = 4*j**2 + j. Let k(y) = -y**3 - 4*y**2 + 6*y + 4. Let g be k(-5). Is c(g) prime?
True
Let h(g) = g - 3. Let z be h(6). Suppose 0 = -0*n + z*n - 654. Is (-2)/(-3) - n/(-6) prime?
True
Let h(v) = -v**2 - 16*v + 5. Let m be h(-16). Suppose u + m*u - 13470 = 0. Is u composite?
True
Suppose w - 5*s = 1 + 3, -2*s - 16 = -4*w. Suppose 81 = q - 5*c - 117, w*q - 746 = -3*c. Let i = q + -69. Is i composite?
True
Let j = 26 + -42. Let b be j/(-4) - 1 - -39. Let p = b - 20. Is p a composite number?
True
Is 5 + 1 + -16 - -2469 a composite number?
False
Suppose 0 = -15*o + 23*o. Suppose 2*h + o*h = -2*a + 340, -826 = -5*a + h. Is a prime?
False
Suppose -2*t - 3*t + 30 = 0. Let n(m) = -m + t - 2*m**2 + m**3 - 3*m + 1. Is n(6) composite?
False
Suppose -2*a = x - 6, -2*a + 0*a + 8 = 2*x. Suppose -5*p + 0*o = -a*o - 11543, -3*p + 6941 = -5*o. Is p composite?
True
Let a = 13 - 20. Let c(f) = -f**3 - 2*f**2 - 14*f - 11. Let l be c(a). Suppose -5*w + l = -w. Is w prime?
True
Let i(n) be the first derivative of 9*n**2/2 + 4*n + 6. Is i(5) composite?
True
Let z be (-723 - 0) + (12/(-2))/3. Let c = z - -1892. Is c prime?
False
Let d = -1581 + 3173. Let u = d + -1045. Is u prime?
True
Let u be 12/(-18) + (-42)/(-9). Is u/(-22) + (-14836)/(-44) a composite number?
False
Suppose 2*o = 2*p - 5*p + 232, -318 = -3*o + 3*p. Let n = o + 263. Is n prime?
True
Let d = -10539 - -19088. Is d a composite number?
True
Let s = -5 + 8. Suppose 0 = 3*h + 15, 0 = -0*y - 2*y - s*h - 305. Let l = y + 224. Is l composite?
False
Let p = -10241 - -15450. Is p a prime number?
True
Let n = 14 - 59. Is (-26061)/n + 4/(-30) a composite number?
True
Let z = -1102 - -637. Let d = -26 - z. Is d a composite number?
False
Suppose 0 = c - 2*f - 6 - 7, c + 4*f - 1 = 0. Suppose c*h + 22202 = 26*h. Is h prime?
False
Suppose -5*t + 42*t = 91723. Is t composite?
True
Let i(g) = 108*g - 163. Is i(28) prime?
True
Let d(j) = 1754*j - 17. Let r be d(4). Is (28/12 - 2)*r prime?
True
Let k be (-1)/(2 - 20/8). Suppose -3*n - 5*b = -993, -1276 = -4*n - k*b + 48. Is n prime?
True
Suppose -4*r + 33308 = 4*u, 0*u = -5*r + 5*u + 41635. Is r a composite number?
True
Let y = 9 + 160. Let o = -36 + 38. Suppose o*j + 55 = y. Is j a composite number?
True
Suppose -3*a + 3445 = f, 4*a + 4*f = 1518 + 3070. Is a a prime number?
False
Is 3994 + (-6 - -5 - 4) a composite number?
False
Let d = -2546 - -6555. Is d prime?
False
Suppose 58*y - y = 84189. Is y a prime number?
False
Suppose 20 = -5*m, -3*n - 58 = 2*m - m. Is (-4)/n - 5486/(-18) a prime number?
False
Let u be 0 - 1*(-2 - 14). Suppose 3*l + l = u. Suppose -t + l*t - 471 = 0. Is t a composite number?
False
Let i be 6/8 + (-18)/(-8). Let j = 1 + i. Suppose -j*f + 2091 + 121 = 0. Is f a prime number?
False
Suppose y - 621 = 4*y. Let p = 334 - y. Is p a composite number?
False
Let k(q) = 45*q - 39. Let a(b) = -23*b + 20. Let h(j) = -5*a(j) - 3*k(j). Let i be h(-10). Let u = -90 + i. Is u composite?
False
Suppose k + 20479 = 2*k - 2*a, -3*a - 20476 = -k. Suppose 8*h + k = 25*h. Is h a composite number?
True
Let u be -2 + 1 - 50/(-10). Suppose -u*q - 6*q = -1490. Is q composite?
False
Let c be 3685/25 - (-4)/(-10). Let b = 2 + c. Is b composite?
False
Let n(j) = -j**3 + 5*j**2 + 16*j - 14. Let o be n(7). Suppose -78 = -6*t - o*t. Is t composite?
False
Suppose -3*u + 2*p = -14175, 2*u + 2*u - 18914 = -2*p. Is u a composite number?
True
Suppose 2*s = -4*n + 19578, -14671 = -16*n + 13*n - 4*s. Is n a prime number?
False
Suppose g - 2*g - 9 = 3*j, -2*g - 3*j = 9. Suppose 2*p - 6*p - 2*t + 764 = g, 5*p + t = 955. Is p a composite number?
False
Suppose -3*c = 7*l - 8*l - 7082, 4*c - 5*l = 9439. Is c a prime number?
False
Let d = -31 - -34. Suppose d*i + i - 4*q - 2608 = 0, -5*q = i - 622. Let m = 174 + i. Is m a composite number?
False
Suppose 30*c - 27*c = 246. Is c composite?
True
Let p(d) = 2*d**2 - d - 3. Let x = 31 + -33. Is p(x) prime?
True
Let t(l) be the first derivative of 93*l**2/2 + 2*l + 6. Is t(7) a composite number?
False
Suppose -126 = -7*h - 0*h. Let t = h + 59. Is t prime?
False
Suppose -4*z + 729 = 2*c + z, c - 4*z - 371 = 0. Suppose 0 = 6*g - 77 - c. Is g a composite number?
True
Suppose -2*u + n = -53303, 10*u - 12*u - 4*n = -53318. Is u prime?
False
Suppose 29*w + 52*w - 351297 = 0. Is w a prime number?
True
Let k(l) = l**3 + 10*l**2 + 7. Let i be k(-10). S